der when h is divided by q?
23
Let c = 315 + -234. Let x be 2/4 + 14/4. Let s = 17 + x. Calculate the remainder when c is divided by s.
18
Let z = 20 - 4. Suppose 2*r - 20 - z = 0. Calculate the remainder when r is divided by (-63)/(-6)*(-4)/(-6).
4
Suppose -2*i = -a + 3*i + 18, -2*i = 3*a - 20. Let h = -28 + 63. Suppose 2*l = 5*d + 34, 2*l + 5 - h = 3*d. Calculate the remainder when l is divided by a.
4
Let y be (-541)/(-11) - 2/11. Let t = -23 + y. What is the remainder when t is divided by 9?
8
Suppose -6*x = -3*x - 108. Suppose -179*g + 1505 = -1359. Calculate the remainder when x is divided by g.
4
Suppose -1 = -5*l + 14. Calculate the remainder when 193/15 - (-2)/15 is divided by l.
1
What is the remainder when (-2)/(-3) + (1240/3 - 3) is divided by 46?
43
Let z be (2/4)/((-13)/(-104)). Suppose z*n = 5*n + 14. Let d = 27 + n. Calculate the remainder when 50 is divided by d.
11
Let h be ((-21)/6 - -4)*8. Suppose 0 = -5*g - 10, -p - 6*g = -h*g - 8. Calculate the remainder when 0 + -1 + (0 - -20) is divided by p.
7
Suppose -o + 39 = a + 15, -3*o = 5*a - 70. Calculate the remainder when 110 is divided by o.
10
Let c = -22 - -99. What is the remainder when 307 is divided by c?
76
Suppose -5*a + 2*j - j + 436 = 0, -j - 1 = 0. Let x = 107 - a. What is the remainder when 58 is divided by x?
18
Let a(z) = 5*z**2 - 132*z - 42. Calculate the remainder when a(27) is divided by 14.
11
Suppose 0 = 4336*l - 4338*l + 110. What is the remainder when l is divided by 32?
23
Suppose -6*k = -9*k + 5*a + 276, -a + 3 = 0. Calculate the remainder when k is divided by 50.
47
Let q(r) = -4*r**2 + 72*r + 7. Calculate the remainder when q(17) is divided by 24.
3
Let t be 2/7 + 584/14. Suppose -5*y - t = -182. What is the remainder when y is divided by 4?
0
Let y(h) = -h**3 + 5*h**2 + 4*h - 17. Let f = -10 - -14. Calculate the remainder when f is divided by y(5).
1
What is the remainder when 386 is divided by 368/12 + (-24)/36?
26
Suppose 4*s + 44 = s - f, 2*s = -4*f - 16. Let r = 33 + s. What is the remainder when 117 is divided by r?
15
Let r(a) = 5*a**3 - a**2 + 3*a - 2. Let j be r(2). Suppose -2*p + j = 3*k, -78 = -5*k - 2*p - 10. What is the remainder when 180 is divided by k?
12
Suppose -4*r - 5*r - 3980 = -4448. Let h(m) = -m + 27. What is the remainder when r is divided by h(0)?
25
Suppose -3*d + 4*d + y - 61 = 0, -207 = -3*d + 5*y. Calculate the remainder when d is divided by 11.
9
Let l(d) = -4*d - 18. Suppose -8 = 7*i - 6*i. Calculate the remainder when l(i) is divided by 10.
4
Calculate the remainder when 157 is divided by (16/6)/(-4 + 488/120).
37
Let c(u) = u**3 - 6*u**2 - 12*u + 14. Let g be c(7). Let d = -2 - g. What is the remainder when 37 is divided by d?
18
Suppose -6 = 3*d - 42. Suppose 2*h = -4*b + 30, -d = 5*b - 2*h - 36. What is the remainder when 21 is divided by b?
3
Calculate the remainder when 147 is divided by -6 + 15 - -36 - -1.
9
Suppose -2*p = k - 3 + 4, -4*k = 3*p - 16. What is the remainder when 17 is divided by k?
3
Let d = -37 - -37. Suppose 14*g + d*g = 1302. What is the remainder when g is divided by 20?
13
What is the remainder when 39 is divided by 4 + (-6 - 14/(-2))?
4
Suppose -g + 1 = 3. Let o(p) = 2*p**2 + p + 1. Calculate the remainder when ((-32)/10)/((-32)/320) is divided by o(g).
4
Let n = 6 - 4. Let b(q) = 7*q**2 + 2*q - 1. Let l = -1007 - -1015. Calculate the remainder when b(n) is divided by l.
7
Suppose 4*l - 27 - 105 = 0. Let y be 35 - 3/9*0. Let f = y - 17. Calculate the remainder when l is divided by f.
15
Let c be 87/2*(4 + (-112)/21). Let m = 70 + c. What is the remainder when 46 is divided by m?
10
Let b be -28*(3 + (-115)/20). Let f = b - 65. Calculate the remainder when f is divided by 7.
5
Let g(n) = 4*n**2 + n - 1. Suppose -3*p - 5 + 44 = 0. What is the remainder when g(3) is divided by p?
12
Let v(g) = -g**3 + 13*g**2 - 12. Let z be v(12). Suppose -18 = -5*y + z. Calculate the remainder when y is divided by (-42)/(-4) - 2/(-4).
8
Let l(c) = -2*c + 26. Let y be l(7). Calculate the remainder when 95 is divided by 2/12 - (-286)/y.
23
Suppose 18*c + 45 = 19*c - 2*p, 0 = 5*p. Let z = 23 - 13. What is the remainder when c is divided by z?
5
Suppose -43*z + 2845 = -3261. Calculate the remainder when z is divided by 65.
12
Let z(q) = 2*q + 44. Let w be z(-17). Suppose 15 = -5*r + w*r. Suppose 0 = -2*s - 0*s + 12. What is the remainder when s is divided by r?
0
Suppose -4 = -r - 2. Calculate the remainder when 123 is divided by r*(115/10 - -4).
30
Let f(x) = x**2 - 3*x - 5. Suppose 21 = 4*u + 3*c - 11, -5*c = -4*u. What is the remainder when (38/(-4))/((-4)/8) is divided by f(u)?
4
Let j(s) = 7*s**3 + 2*s - 1. Let a be j(1). Let h = a + -1. Suppose 5*x + 2*k - 7 = h, -x - 6 = -4*k. Calculate the remainder when 3 is divided by x.
1
Suppose -m = -5*v + 2000, -3*v + v + 2*m + 808 = 0. Calculate the remainder when v is divided by 197.
5
Suppose w + 175 = 3*p, p - w = -2*w + 53. Suppose -2*a - 3414*h + 48 = -3411*h, 0 = 3*a - 5*h - 110. What is the remainder when p is divided by a?
27
Let k = 730 - 652. Calculate the remainder when 149 is divided by k.
71
Let a(k) = -27 + 5*k - 20 + 8*k**2 + k**3 + 51. What is the remainder when a(-7) is divided by 4?
2
Let x(q) = -q**2 - 35*q + 52. Suppose 276 = 3*w + 102. Calculate the remainder when x(-34) is divided by 3/(-6)*(0 - w).
28
Let l(d) = 2*d**2 + 23*d - 149. Suppose -3*w + 112 = -2*w. Calculate the remainder when w is divided by l(-17).
36
Let h = -12 + -6. Let z = h - -33. Suppose 0 = -3*w + 2*o + 37, -5*w + 4*o = -82 + 17. Calculate the remainder when z is divided by w.
6
Suppose -r + 12 = 4*d, -3*d + 24 = -r - 2*r. What is the remainder when 9 is divided by d?
1
Let q(f) = 27*f**2 + 15*f + 15. What is the remainder when 457 is divided by q(-1)?
25
Let s(t) = 7*t + 48. What is the remainder when s(6) is divided by (2*23)/(8/4)?
21
Let c = -13 - -15. Suppose -c - 4 = -n. Suppose 3*r = -3*i - 3 + 6, -4*r + 8 = 5*i. Calculate the remainder when n is divided by i.
2
Let l be -2 + 0 - (-30 + 4 - 4). Let o(d) = 3*d + 1. Let b be o(-6). Let m = b + l. Calculate the remainder when m is divided by 7.
4
Let l(y) = 2*y**2 + 7*y - 18. Let g be 2/6 - 5/(-3). Calculate the remainder when l(4) is divided by 14 - g*(-2)/4.
12
Suppose -398 = -5*r - 3*i, -2*r + 4*i + 153 = -1. Calculate the remainder when r is divided by 14.
9
What is the remainder when (2 - 1)*(14 + 43) is divided by 15?
12
What is the remainder when 299 is divided by 2 + 1*117/9?
14
Let u(f) = -2*f**2 - 11*f - 1. Let k be u(-11). Let h = 183 + k. Suppose 5*a + 57 = i, 2*a - h = 3*i - 271. What is the remainder when i is divided by 25?
22
Let x(b) = 11*b - 5. Let d be x(2). Suppose -5*f - 2*i = -128, 4*i + 13 = f - d. Calculate the remainder when f is divided by 7.
5
Let a(m) = -5*m - 27. Let n be a(-7). Calculate the remainder when 1/2 + 118/4 is divided by ((-12)/n)/((-4)/(256/6)).
14
Calculate the remainder when 74 is divided by 6/6 - -20 - (-4)/2.
5
Calculate the remainder when 237 is divided by (246/(-30))/(-1)*(-10)/(-2).
32
Let d be 2/((-3)/(60/(-8))). Suppose 5*b = -d*n + 85, 4*n - b + 31 = 6*n. Let a(f) = f**2 - 13*f - 4. What is the remainder when 39 is divided by a(n)?
9
Suppose 4*u - 4 = -84. Let z = u - -26. Calculate the remainder when z is divided by 4.
2
Let v = -106 + 193. What is the remainder when 954 is divided by v?
84
Suppose -m - 16 = 3*m, -3*h + 65 = 4*m. Suppose 3*g + 3*b = 114, b = 4*g - 3*b - 192. Suppose -y + 36 + g = 0. What is the remainder when y is divided by h?
25
Let k be 0 + 11 + 2 + -5. Suppose 3*b = 2*b + k. Suppose 3*n = -2*a + 54, 0*a + 4*a = -n + 88. What is the remainder when a is divided by b?
5
Let s = 19 + -16. Suppose u + 8 = -s*u, -2*f = 3*u + 86. Let p = f - -62. What is the remainder when 86 is divided by p?
20
Let y(k) = -11 - 3*k + 2*k - k + 2. Let m be y(-9). Let r = m + 11. What is the remainder when 77 is divided by r?
17
Suppose 61*b = -b + 24*b + 1026. Let t = 12 + -5. Calculate the remainder when b is divided by t.
6
Suppose -3*m + q = -28, -2*q - 8 = -0*q. Let f = -2 + 1. What is the remainder when 13 is divided by -1*(f + 2) + m?
6
Let g(i) = -i**2 + 74*i - 162. Calculate the remainder when g(64) is divided by 24.
22
Suppose 4*h = -3*o + 2077, -7*h + 3477 =